f 34429 and 3.
1
What is the greatest common factor of 18 and 2234502?
18
Calculate the highest common divisor of 1788900 and 67.
67
What is the greatest common divisor of 84 and 172977?
21
What is the greatest common divisor of 47187 and 1233?
9
What is the greatest common factor of 148037 and 333?
37
What is the greatest common divisor of 70093 and 319?
29
What is the greatest common divisor of 15335 and 215?
5
Calculate the highest common divisor of 14700 and 686.
98
What is the highest common factor of 31230 and 360?
90
Calculate the highest common divisor of 69 and 281451.
69
Calculate the highest common divisor of 24 and 120486.
6
Calculate the highest common factor of 2646 and 1620.
54
Calculate the greatest common factor of 864 and 34464.
96
Calculate the highest common factor of 15109 and 5365.
29
What is the highest common factor of 16 and 330896?
16
What is the highest common factor of 107787 and 76?
19
What is the greatest common factor of 2246 and 7409554?
2246
Calculate the greatest common divisor of 7857 and 194.
97
What is the highest common factor of 79398 and 176?
22
What is the highest common divisor of 961363 and 39?
13
What is the greatest common divisor of 11464 and 232?
8
Calculate the highest common factor of 2 and 206766.
2
Calculate the highest common factor of 14016 and 28178.
146
What is the greatest common factor of 96 and 25288?
8
Calculate the greatest common divisor of 57933 and 80070.
471
Calculate the greatest common divisor of 86 and 179052.
86
What is the highest common divisor of 165892 and 268?
268
Calculate the highest common divisor of 12090 and 3441.
93
Calculate the greatest common factor of 5712 and 198849.
357
Calculate the highest common factor of 1121 and 76.
19
Calculate the greatest common divisor of 6765 and 165.
165
Calculate the highest common divisor of 802760 and 680.
40
Calculate the greatest common divisor of 3267 and 10638.
27
Calculate the greatest common factor of 57510 and 81.
81
Calculate the greatest common divisor of 1296 and 78032.
16
What is the greatest common factor of 65482 and 69998?
2258
What is the greatest common divisor of 96 and 168640?
32
Calculate the greatest common divisor of 2196 and 1476.
36
Calculate the greatest common factor of 6584 and 183529.
823
Calculate the highest common factor of 42 and 606081.
21
What is the highest common divisor of 16055 and 2375?
95
What is the highest common divisor of 176 and 848?
16
Calculate the highest common divisor of 10 and 67235.
5
What is the highest common factor of 5 and 37130?
5
Calculate the greatest common factor of 270 and 20190.
30
Calculate the highest common factor of 33 and 4939.
11
Calculate the highest common divisor of 3 and 201.
3
Calculate the highest common divisor of 88527 and 184.
23
Calculate the highest common divisor of 42578 and 63169.
349
Calculate the highest common divisor of 98922 and 6.
6
Calculate the highest common divisor of 25 and 1016755.
5
Calculate the greatest common divisor of 627 and 48.
3
Calculate the highest common divisor of 492258 and 624.
78
Calculate the greatest common factor of 184 and 605498.
46
Calculate the greatest common divisor of 5661 and 1591.
37
What is the greatest common divisor of 232 and 1448?
8
Calculate the highest common factor of 2106543 and 62.
31
What is the greatest common divisor of 1068 and 1920?
12
What is the highest common factor of 18840 and 9720?
120
What is the greatest common factor of 6956993 and 1006?
503
What is the highest common divisor of 18278 and 33592?
494
What is the greatest common divisor of 902 and 82000?
82
Calculate the greatest common factor of 330 and 44088.
66
What is the highest common divisor of 2431449 and 59?
59
Calculate the highest common divisor of 418074 and 118.
118
Calculate the greatest common factor of 2053131 and 711.
237
What is the greatest common divisor of 5 and 1289550?
5
What is the highest common factor of 2 and 2151902?
2
Calculate the highest common factor of 3660 and 3225.
15
What is the highest common divisor of 267750 and 170?
170
Calculate the highest common factor of 2407 and 3915.
29
Calculate the greatest common divisor of 18912 and 254721.
591
What is the highest common factor of 33497 and 15652?
43
What is the highest common divisor of 61284 and 156?
12
What is the highest common divisor of 1168 and 687076?
292
What is the highest common factor of 123577 and 5176?
647
What is the highest common factor of 334425 and 315?
105
What is the greatest common factor of 2794 and 62484?
254
Calculate the greatest common divisor of 25 and 253525.
25
Calculate the highest common factor of 1136 and 366644.
284
What is the greatest common divisor of 168 and 6472?
8
What is the highest common divisor of 15796 and 88?
44
What is the greatest common divisor of 523 and 167?
1
What is the highest common divisor of 44208 and 60?
12
Calculate the greatest common factor of 64596 and 1008.
84
Calculate the highest common divisor of 67820 and 100.
20
Calculate the greatest common divisor of 128475 and 225.
225
What is the greatest common divisor of 845 and 43264?
169
What is the greatest common factor of 16353 and 1656?
207
Calculate the greatest common factor of 36 and 932346.
18
Calculate the highest common divisor of 15613 and 153728.
1201
Calculate the highest common factor of 572 and 6803654.
286
Calculate the highest common factor of 305 and 78385.
305
What is the greatest common factor of 22096 and 16?
16
Calculate the highest common factor of 618 and 5665.
103
What is the greatest common divisor of 9019 and 26435?
311
Calculate the greatest common factor of 194 and 380.
2
Calculate the greatest common divisor of 44 and 5951.
11
Calculate the highest common divisor of 1950 and 29700.
150
What is the greatest common factor of 29552 and 2688?
16
Calculate the greatest common factor of 60860 and 10540.
340
What is the greatest common factor of 5 and 3442055?
5
What is the highest common divisor of 740 and 24880?
20
Calculate the greatest common divisor of 312 and 3768.
24
What is the highest common divisor of 247 and 24928?
19
Calculate the highest common factor of 121218 and 8010.
534
Calculate the highest common divisor of 399 and 25023.
57
What is the greatest common divisor of 4580820 and 68?
68
What is the greatest common divisor of 874 and 9752?
46
What is the highest common divisor of 4199 and 98059?
247
What is the greatest common divisor of 128035 and 145?
145
Calculate the highest common factor of 20053 and 3141029.
1823
Calculate the highest common divisor of 60196 and 303.
101
What is the greatest common factor of 122731 and 7?
7
What is the greatest common divisor of 2414 and 994?
142
What is the highest common factor of 358 and 895?
179
Calculate the greatest common divisor of 8463 and 6258.
21
What is the greatest common factor of 2790 and 54?
18
Calculate the highest common factor of 214859 and 1295.
37
What is the greatest common divisor of 105 and 353703?
21
What is the greatest common factor of 124 and 83483?
31
What is the highest common divisor of 2992 and 663?
17
What is the highest common factor of 2436 and 24612?
84
Calculate the greatest common divisor of 85 and 273865.
5
What is the greatest common divisor of 292 and 788?
4
Calculate the greatest common divisor of 115445 and 88.
11
What is the greatest common divisor of 1273 and 3216?
67
What is the greatest common divisor of 29178 and 180?
18
What is the highest common factor of 980 and 1980090?
490
What is the greatest common divisor of 450 and 6493950?
450
What is the highest common factor of 1953 and 1863813?
651
Calculate the highest common factor of 7020 and 13065.
195
Calculate the highest common divisor of 307485 and 225.
45
What is the highest common factor of 149934 and 6?
6
What is the greatest common divisor of 91 and 303758?
91
Calculate the greatest common factor of 13026 and 130.
26
Calculate the highest common divisor of 10339 and 15288.
49
What is the highest common factor of 3220 and 3030?
10
What is the highest common factor of 176 and 37312?
176
Calculate the highest common divisor of 18817 and 589.
31
What is the greatest common divisor of 221 and 11140168?
221
Calculate the highest common divisor of 18416 and 1504.
16
Wha